
Does 15 divide 255?
True
Does 11 divide 4991?
False
Is 816 a multiple of 48?
True
Is 121 a factor of 5687?
True
Does 11 divide 865?
False
Is 4 a factor of 8216?
True
Is 13764 a multiple of 31?
True
Is 14897 a multiple of 62?
False
Does 182 divide 13650?
True
Is 2717 a multiple of 25?
False
Is 165 a multiple of 33?
True
Does 91 divide 50232?
True
Is 102 a factor of 3060?
True
Does 4 divide 348?
True
Is 4 a factor of 8024?
True
Does 7 divide 5266?
False
Is 47 a factor of 5452?
True
Is 12983 a multiple of 39?
False
Is 58884 a multiple of 84?
True
Does 4 divide 41?
False
Is 9 a factor of 3726?
True
Is 113 a factor of 3071?
False
Is 3 a factor of 2868?
True
Does 9 divide 4262?
False
Is 645 a multiple of 13?
False
Is 2824 a multiple of 8?
True
Does 15 divide 14445?
True
Is 2349 a multiple of 9?
True
Is 14 a factor of 2964?
False
Is 15407 a multiple of 17?
False
Is 9 a factor of 55368?
True
Is 925 a multiple of 6?
False
Is 4218 a multiple of 57?
True
Is 9 a factor of 936?
True
Does 29 divide 147?
False
Is 72 a factor of 72?
True
Is 35540 a multiple of 114?
False
Is 225 a multiple of 3?
True
Does 6 divide 2684?
False
Is 51 even?
False
Does 18 divide 8820?
True
Is 21492 a multiple of 79?
False
Does 12 divide 1548?
True
Is 20608 a multiple of 14?
True
Is 2 a factor of 122?
True
Does 8 divide 77721?
False
Is 883 a multiple of 24?
False
Is 31 a factor of 2418?
True
Is 17 a factor of 13141?
True
Does 108 divide 21904?
False
Does 4 divide 45?
False
Does 4 divide 1058?
False
Does 5 divide 55?
True
Is 315 a multiple of 19?
False
Is 144 a factor of 5216?
False
Does 3 divide 141?
True
Is 9184 a multiple of 76?
False
Is 21 a factor of 6809?
False
Is 22 a factor of 3300?
True
Is 2045 a multiple of 72?
False
Is 16861 a multiple of 121?
False
Does 31 divide 6541?
True
Is 15640 a multiple of 184?
True
Is 5653 a multiple of 21?
False
Is 24 a factor of 46705?
False
Is 3 a factor of 333?
True
Is 1797 a multiple of 27?
False
Is 17 a factor of 45050?
True
Is 1158 a multiple of 6?
True
Is 16 a factor of 6070?
False
Is 713 a multiple of 23?
True
Does 27 divide 742?
False
Does 4 divide 12580?
True
Is 23520 a multiple of 13?
False
Is 7 a factor of 12964?
True
Is 503 a multiple of 43?
False
Is 5565 a multiple of 113?
False
Does 9 divide 33957?
True
Is 110084 a multiple of 73?
True
Is 203 a factor of 29638?
True
Does 77 divide 1463?
True
Is 546 a multiple of 25?
False
Is 100188 a multiple of 132?
True
Is 481 a multiple of 37?
True
Is 15130 a multiple of 10?
True
Is 26 a factor of 1234?
False
Is 4712 a multiple of 62?
True
Is 14 a factor of 2240?
True
Does 15 divide 9375?
True
Is 11 a factor of 2013?
True
Is 77088 a multiple of 176?
True
Does 18 divide 21708?
True
Is 14 a factor of 1486?
False
Is 505 a multiple of 101?
True
Does 35 divide 14945?
True
Is 43 a factor of 1302?
False
Is 165 a factor of 14355?
True
Is 120 a factor of 879?
False
Does 9 divide 3573?
True
Is 17990 a multiple of 4?
False
Is 147 a factor of 1757?
False
Is 400 a multiple of 5?
True
Is 76 a factor of 988?
True
Is 408 a multiple of 102?
True
Is 1697 a multiple of 11?
False
Is 14 a factor of 616?
True
Is 85 a factor of 2040?
True
Is 174 a factor of 24882?
True
Is 231 a multiple of 3?
True
Does 69 divide 2898?
True
Is 1751 a multiple of 37?
False
Is 22223 a multiple of 24?
False
Is 16 a factor of 800?
True
Is 3808 a multiple of 56?
True
Is 55 a factor of 165?
True
Is 416 a factor of 44928?
True
Is 24 a factor of 1104?
True
Is 275 a multiple of 5?
True
Is 102 a factor of 4590?
True
Is 2814 a multiple of 42?
True
Is 33929 a multiple of 53?
False
Does 22 divide 23766?
False
Is 65 a factor of 4810?
True
Is 15 a factor of 375?
True
Is 10614 a multiple of 29?
True
Is 1038 a multiple of 15?
False
Is 3444 a multiple of 11?
False
Is 8 a factor of 7745?
False
Does 5 divide 85?
True
Does 405 divide 50165?
False
Does 25 divide 41759?
False
Is 2 a factor of 1010?
True
Is 1560 a multiple of 40?
True
Is 18 a factor of 4122?
True
Is 21857 a multiple of 4?
False
Does 7 divide 504?
True
Is 58 a factor of 1171?
False
Does 16 divide 43344?
True
Does 107 divide 23137?
False
Is 5 a factor of 305?
True
Does 15 divide 232?
False
Does 19 divide 7334?
True
Does 34 divide 112218?
False
Is 317 a multiple of 84?
False
Does 209 divide 24035?
True
Is 5248 a multiple of 16?
True
Is 29 a factor of 6921?
False
Is 36 a factor of 381?
False
Does 15 divide 1129?
False
Is 1785 even?
False
Does 23 divide 966?
True
Is 90 a multiple of 6?
True
Is 584 a multiple of 73?
True
Does 12 divide 1044?
True
Does 25 divide 3093?
False
Does 63 divide 11025?
True
Is 5615 a multiple of 6?
False
Is 9 a factor of 38551?
False
Is 17910 a multiple of 15?
True
Is 17595 a multiple of 35?
False
Is 97794 a multiple of 17?
False
Is 3 a factor of 23539?
False
Is 16 a factor of 726?
False
Is 1003 a multiple of 22?
False
Is 2259 a multiple of 5?
False
Does 11 divide 1121?
False
Is 36 a factor of 6069?
False
Is 1333 a multiple of 16?
False
Does 12 divide 1811?
False
Does 7 divide 1513?
False
Is 910 a multiple of 65?
True
Does 5 divide 685?
True
Is 367 a multiple of 2?
False
Is 16 a factor of 54608?
True
Is 23 a factor of 14163?
False
Is 13 a factor of 37024?
True
Does 36 divide 5210?
False
Is 47 a factor of 1927?
True
Is 17 a factor of 2754?
True
Is 40 a factor of 10840?
True
Is 806 a multiple of 62?
True
Does 29 divide 2117?
True
Does 15 divide 14211?
False
Does 3 divide 48?
True
Is 462 a multiple of 33?
True
Is 121 a factor of 14615?
False
Is 168 a multiple of 6?
True
Is 114 a factor of 16758?
True
Is 66 a factor of 53988?
True
Is 5 a factor of 5655?
True
Is 22 a factor of 3608?
True
Is 5 even?
False
Is 4 a factor of 4916?
True
Is 16704 a multiple of 96?
True
Does 27 divide 8488?
False
Does 17 divide 2517?
False
Is 266 a multiple of 19?
True
Is 1008 a multiple of 16?
True
Does 5 divide 2490?
True
Does 5 divide 413?
False
Is 6246 a multiple of 22?
False
Is 13 a factor of 4518?
False
Does 25 divide 4600?
True
Does 9 divide 1849?
False
Does 165 divide 25403?
False
Is 161 a multiple of 7?
True
Does 45 divide 2700?
True
Is 1869 a multiple of 5?
False
Does 18 divide 265?
False
Is 22 a factor of 356?
False
Is 73 a factor of 3577?
True
Is 3 a factor of 2175?
True
Does 35 divide 2765?
True
Does 18 divide 840?
False
Is 1134 a multiple of 21?
True
Is 101 even?
False
Is 34 a factor of 4182?
True
Is 22 a factor of 3806?
True
Is 13 a factor of 772?
False
Is 222 a multiple of 5?
False
Is 31 a factor of 3937?
True
Does 64 divide 14574?
False
Does 157 divide 9577?
True
Is 26 a factor of 910?
True
Is 1106 a multiple of 4?
False
Is 65 a factor of 6625?
False
Is 17 a factor of 561?
True
Is 8 a factor of 433?
False
Does 29 divide 10556?
True
Is 95 a factor of 7030?
True
Is 224 a multiple of 12?
False
Does 14 divide 6062?
True
Is 958 a multiple of 2?
True
Is 14720 a multiple of 20?
True
Is 10 a factor of 850?
True
Is 32 a multiple of 32?
True
Is 20786 a multiple of 13?
False
Does 115 divide 47153?
False
Does 151 divide 4530?
True
Is 5 a factor of 30?
True
Is 19511 a multiple of 109?
True
Is 31 a factor of 593?
False
Does 50 divide 1950?
True
Is 9 a factor of 11347?
False
Is 58 a factor of 92568?
True
Is 6 a factor of 3548?
False
Is 690 a multiple of 29?
False
Is 1079 a multiple of 13?
True
Is 9 a factor of 2773?
False
Is 83 a factor of 14352?
False
Is 62 a factor of 13605?
False
Is 1008 a multiple of 12?
True
Is 17759 a multiple of 7?
True
Does 62 divide 1046?
False
Is 8216 a multiple of 104?
True
Does 78 divide 29025?
False
Is 35 a factor of 420?
True
Is 270 a multiple of 54?
True
Is 2 a factor of 1628?
True
Does 20 divide 173?
False
Does 6 divide 240?
True
Is 17 a factor of 4962?
False
Is 8300 a multiple of 44?
False
Is 7963 a multiple of 23?
False
Does 136 divide 76160?
True
Does 15 divide 4041?
False
Does 10 divide 5160?
True
Is 26 a factor of 728?
True
Is 62 a factor of 7998?
True
Does 41 divide 13571?
True
Does 32 divide 14144?
True
Is 22057 a multiple of 140?
False
Is 87 a factor of 1484?
False
Does 15 divide 1230?
True
Does 6 divide 1860?
True
Does 89 divide 178?
True
Is 15 a factor of 2700?
True
Is 12 a factor of 3004?
False
Is 9954 a multiple of 63?
True
Is 88 a factor of 1602?
False
Does 92 divide 2038?
False
Is 77 a factor of 13783?
True
Is 303 a multiple of 32?
False
Is 34 a 